{"id":1828,"date":"2025-07-04T18:20:48","date_gmt":"2025-07-04T18:20:48","guid":{"rendered":"https:\/\/margrescolombia.com\/?post_type=product&#038;p=1828"},"modified":"2025-07-04T18:20:48","modified_gmt":"2025-07-04T18:20:48","slug":"tableta-multicolor","status":"publish","type":"product","link":"https:\/\/margrescolombia.com\/index.php\/producto\/tableta-multicolor\/","title":{"rendered":"Tableta Multicolor"},"content":{"rendered":"<p>&nbsp;<\/p>\n<p data-start=\"308\" data-end=\"820\">Decorativo vers\u00e1til y de alta calidad, ideal para su uso en proyectos de construcci\u00f3n, remodelaci\u00f3n y dise\u00f1o de interiores. Fabricada en materiales duraderos, esta tableta presenta una variedad de colores vibrantes que permiten crear efectos visuales \u00fanicos. Su tama\u00f1o de 30&#215;30 cm facilita la instalaci\u00f3n en superficies grandes o medianas, como pisos, paredes o mesas, y es perfecta para ambientes modernos o de estilo cl\u00e1sico.<\/p>\n<p><span style=\"text-decoration: line-through\">\u00a0<\/span><\/p>\n","protected":false},"excerpt":{"rendered":"<p>Tableta Multicolor<\/p>\n<p>Medidas:<\/p>\n<p>30 x 30 cm<\/p>\n<p>Peso:<\/p>\n<p>24 kg<\/p>\n<p>Rendimiento:<\/p>\n<blockquote><p>11 und por m\u00b2<\/p><\/blockquote>\n","protected":false},"featured_media":1829,"comment_status":"open","ping_status":"closed","template":"","meta":{"_uag_custom_page_level_css":"","site-sidebar-layout":"default","site-content-layout":"default","ast-global-header-display":"","ast-main-header-display":"","ast-hfb-above-header-display":"","ast-hfb-below-header-display":"","ast-hfb-mobile-header-display":"","site-post-title":"","ast-breadcrumbs-content":"","ast-featured-img":"","footer-sml-layout":"","theme-transparent-header-meta":"default","adv-header-id-meta":"","stick-header-meta":"","header-above-stick-meta":"","header-main-stick-meta":"","header-below-stick-meta":"","_joinchat":[],"jetpack_publicize_message":"","jetpack_is_tweetstorm":false,"jetpack_publicize_feature_enabled":true,"jetpack_social_post_already_shared":true,"jetpack_social_options":{"image_generator_settings":{"template":"highway","enabled":false}}},"product_cat":[28],"product_tag":[],"jetpack_publicize_connections":[],"uagb_featured_image_src":{"full":["https:\/\/margrescolombia.com\/wp-content\/uploads\/2025\/07\/IMG-20250704-WA0008.jpg",329,315,false],"thumbnail":["https:\/\/margrescolombia.com\/wp-content\/uploads\/2025\/07\/IMG-20250704-WA0008-150x150.jpg",150,150,true],"medium":["https:\/\/margrescolombia.com\/wp-content\/uploads\/2025\/07\/IMG-20250704-WA0008-300x287.jpg",300,287,true],"medium_large":["https:\/\/margrescolombia.com\/wp-content\/uploads\/2025\/07\/IMG-20250704-WA0008.jpg",329,315,false],"large":["https:\/\/margrescolombia.com\/wp-content\/uploads\/2025\/07\/IMG-20250704-WA0008.jpg",329,315,false],"1536x1536":["https:\/\/margrescolombia.com\/wp-content\/uploads\/2025\/07\/IMG-20250704-WA0008.jpg",329,315,false],"2048x2048":["https:\/\/margrescolombia.com\/wp-content\/uploads\/2025\/07\/IMG-20250704-WA0008.jpg",329,315,false],"woocommerce_thumbnail":["https:\/\/margrescolombia.com\/wp-content\/uploads\/2025\/07\/IMG-20250704-WA0008-300x300.jpg",300,300,true],"woocommerce_single":["https:\/\/margrescolombia.com\/wp-content\/uploads\/2025\/07\/IMG-20250704-WA0008.jpg",329,315,false],"woocommerce_gallery_thumbnail":["https:\/\/margrescolombia.com\/wp-content\/uploads\/2025\/07\/IMG-20250704-WA0008-100x100.jpg",100,100,true]},"uagb_author_info":{"display_name":"Ashly","author_link":"https:\/\/margrescolombia.com\/index.php\/author\/"},"uagb_comment_info":1,"uagb_excerpt":"Tableta Multicolor Medidas: 30 x 30 cm Peso: 24 kg Rendimiento: 11 und por m\u00b2","_links":{"self":[{"href":"https:\/\/margrescolombia.com\/index.php\/wp-json\/wp\/v2\/product\/1828"}],"collection":[{"href":"https:\/\/margrescolombia.com\/index.php\/wp-json\/wp\/v2\/product"}],"about":[{"href":"https:\/\/margrescolombia.com\/index.php\/wp-json\/wp\/v2\/types\/product"}],"replies":[{"embeddable":true,"href":"https:\/\/margrescolombia.com\/index.php\/wp-json\/wp\/v2\/comments?post=1828"}],"wp:featuredmedia":[{"embeddable":true,"href":"https:\/\/margrescolombia.com\/index.php\/wp-json\/wp\/v2\/media\/1829"}],"wp:attachment":[{"href":"https:\/\/margrescolombia.com\/index.php\/wp-json\/wp\/v2\/media?parent=1828"}],"wp:term":[{"taxonomy":"product_cat","embeddable":true,"href":"https:\/\/margrescolombia.com\/index.php\/wp-json\/wp\/v2\/product_cat?post=1828"},{"taxonomy":"product_tag","embeddable":true,"href":"https:\/\/margrescolombia.com\/index.php\/wp-json\/wp\/v2\/product_tag?post=1828"}],"curies":[{"name":"wp","href":"https:\/\/api.w.org\/{rel}","templated":true}]}}