{"id":1785,"date":"2025-07-01T19:07:25","date_gmt":"2025-07-01T19:07:25","guid":{"rendered":"https:\/\/margrescolombia.com\/?post_type=product&#038;p=1785"},"modified":"2025-07-01T19:12:15","modified_gmt":"2025-07-01T19:12:15","slug":"calado-cubo-cuadrado","status":"publish","type":"product","link":"https:\/\/margrescolombia.com\/index.php\/producto\/calado-cubo-cuadrado\/","title":{"rendered":"Calado Cubo Cuadrado"},"content":{"rendered":"<p>Elaborado con <strong data-start=\"247\" data-end=\"274\">caras planas perforadas<\/strong> que forman patrones geom\u00e9tricos o art\u00edsticos. Su estructura sim\u00e9trica y sus <strong data-start=\"351\" data-end=\"372\">aberturas caladas<\/strong> permiten el paso de luz o aire, siendo ideal para <strong data-start=\"423\" data-end=\"500\">elementos decorativos, l\u00e1mparas, ventilaciones o detalles arquitect\u00f3nicos<\/strong>. Su dise\u00f1o combina <strong data-start=\"520\" data-end=\"548\">funcionalidad y est\u00e9tica<\/strong> en un formato compacto y equilibrado.<\/p>\n","protected":false},"excerpt":{"rendered":"<p>Calado Cubo Cuadrado<\/p>\n<p>Medidas:<\/p>\n<p>12 x 12 x 12 cm<\/p>\n","protected":false},"featured_media":1786,"comment_status":"open","ping_status":"closed","template":"","meta":{"_uag_custom_page_level_css":"","site-sidebar-layout":"default","site-content-layout":"default","ast-global-header-display":"","ast-main-header-display":"","ast-hfb-above-header-display":"","ast-hfb-below-header-display":"","ast-hfb-mobile-header-display":"","site-post-title":"","ast-breadcrumbs-content":"","ast-featured-img":"","footer-sml-layout":"","theme-transparent-header-meta":"default","adv-header-id-meta":"","stick-header-meta":"","header-above-stick-meta":"","header-main-stick-meta":"","header-below-stick-meta":"","_joinchat":[],"jetpack_publicize_message":"","jetpack_is_tweetstorm":false,"jetpack_publicize_feature_enabled":true,"jetpack_social_post_already_shared":true,"jetpack_social_options":{"image_generator_settings":{"template":"highway","enabled":false}}},"product_cat":[60],"product_tag":[],"jetpack_publicize_connections":[],"uagb_featured_image_src":{"full":["https:\/\/margrescolombia.com\/wp-content\/uploads\/2025\/07\/WhatsApp-Image-2025-06-28-at-11.39.10-AM.jpeg",191,152,false],"thumbnail":["https:\/\/margrescolombia.com\/wp-content\/uploads\/2025\/07\/WhatsApp-Image-2025-06-28-at-11.39.10-AM-150x150.jpeg",150,150,true],"medium":["https:\/\/margrescolombia.com\/wp-content\/uploads\/2025\/07\/WhatsApp-Image-2025-06-28-at-11.39.10-AM.jpeg",191,152,false],"medium_large":["https:\/\/margrescolombia.com\/wp-content\/uploads\/2025\/07\/WhatsApp-Image-2025-06-28-at-11.39.10-AM.jpeg",191,152,false],"large":["https:\/\/margrescolombia.com\/wp-content\/uploads\/2025\/07\/WhatsApp-Image-2025-06-28-at-11.39.10-AM.jpeg",191,152,false],"1536x1536":["https:\/\/margrescolombia.com\/wp-content\/uploads\/2025\/07\/WhatsApp-Image-2025-06-28-at-11.39.10-AM.jpeg",191,152,false],"2048x2048":["https:\/\/margrescolombia.com\/wp-content\/uploads\/2025\/07\/WhatsApp-Image-2025-06-28-at-11.39.10-AM.jpeg",191,152,false],"woocommerce_thumbnail":["https:\/\/margrescolombia.com\/wp-content\/uploads\/2025\/07\/WhatsApp-Image-2025-06-28-at-11.39.10-AM.jpeg",191,152,false],"woocommerce_single":["https:\/\/margrescolombia.com\/wp-content\/uploads\/2025\/07\/WhatsApp-Image-2025-06-28-at-11.39.10-AM.jpeg",191,152,false],"woocommerce_gallery_thumbnail":["https:\/\/margrescolombia.com\/wp-content\/uploads\/2025\/07\/WhatsApp-Image-2025-06-28-at-11.39.10-AM-100x100.jpeg",100,100,true]},"uagb_author_info":{"display_name":"Ashly","author_link":"https:\/\/margrescolombia.com\/index.php\/author\/"},"uagb_comment_info":0,"uagb_excerpt":"Calado Cubo Cuadrado Medidas: 12 x 12 x 12 cm","_links":{"self":[{"href":"https:\/\/margrescolombia.com\/index.php\/wp-json\/wp\/v2\/product\/1785"}],"collection":[{"href":"https:\/\/margrescolombia.com\/index.php\/wp-json\/wp\/v2\/product"}],"about":[{"href":"https:\/\/margrescolombia.com\/index.php\/wp-json\/wp\/v2\/types\/product"}],"replies":[{"embeddable":true,"href":"https:\/\/margrescolombia.com\/index.php\/wp-json\/wp\/v2\/comments?post=1785"}],"wp:featuredmedia":[{"embeddable":true,"href":"https:\/\/margrescolombia.com\/index.php\/wp-json\/wp\/v2\/media\/1786"}],"wp:attachment":[{"href":"https:\/\/margrescolombia.com\/index.php\/wp-json\/wp\/v2\/media?parent=1785"}],"wp:term":[{"taxonomy":"product_cat","embeddable":true,"href":"https:\/\/margrescolombia.com\/index.php\/wp-json\/wp\/v2\/product_cat?post=1785"},{"taxonomy":"product_tag","embeddable":true,"href":"https:\/\/margrescolombia.com\/index.php\/wp-json\/wp\/v2\/product_tag?post=1785"}],"curies":[{"name":"wp","href":"https:\/\/api.w.org\/{rel}","templated":true}]}}