{"id":1078,"date":"2023-12-04T20:51:39","date_gmt":"2023-12-04T20:51:39","guid":{"rendered":"https:\/\/margrescolombia.com\/?post_type=product&#038;p=1078"},"modified":"2025-02-08T17:50:52","modified_gmt":"2025-02-08T17:50:52","slug":"piedra-pizarra-amarilla","status":"publish","type":"product","link":"https:\/\/margrescolombia.com\/index.php\/producto\/piedra-pizarra-amarilla\/","title":{"rendered":"Piedra Pizarra Amarilla"},"content":{"rendered":"<p>La pizarra amarilla \u00f3xido con marr\u00f3n es una piedra natural que cautiva por su combinaci\u00f3n \u00fanica de tonalidades c\u00e1lidas y ricas. Extra\u00edda cuidadosamente de canteras selectas, esta variedad de pizarra exhibe un cautivador juego de colores que oscilan entre el amarillo \u00f3xido y el marr\u00f3n profundo. Esta paleta terrosa aporta calidez y elegancia a cualquier espacio donde se utilice.<\/p>\n","protected":false},"excerpt":{"rendered":"<div class=\"woocommerce-product-details__short-description\">\n<ul>\n<li><strong>Pizarra Amarilla<\/strong><\/li>\n<li><strong>Medida<\/strong>: 5 x punta perdida<\/li>\n<li><strong>Peso m2:<\/strong>\u00a022kg<\/li>\n<li><strong>Estilo<\/strong>: Piedra Pizarra\u00a0<strong>\u00a0<\/strong><\/li>\n<li><strong>Colores: <\/strong>Amarillos\u00a0oxidados<\/li>\n<\/ul>\n<\/div>\n<form class=\"cart\" action=\"https:\/\/margrescolombia.com\/index.php\/producto\/piedra-pizarra-plateada\/\" enctype=\"multipart\/form-data\" method=\"post\">\n<div class=\"quantity\"><label class=\"screen-reader-text\" for=\"quantity_656e390ba4ee4\">Piedra Pizarra Plateada cantidad<\/label><\/div>\n<\/form>\n","protected":false},"featured_media":1079,"comment_status":"open","ping_status":"closed","template":"","meta":{"_uag_custom_page_level_css":"","site-sidebar-layout":"default","site-content-layout":"default","ast-global-header-display":"","ast-main-header-display":"","ast-hfb-above-header-display":"","ast-hfb-below-header-display":"","ast-hfb-mobile-header-display":"","site-post-title":"","ast-breadcrumbs-content":"","ast-featured-img":"","footer-sml-layout":"","theme-transparent-header-meta":"default","adv-header-id-meta":"","stick-header-meta":"","header-above-stick-meta":"","header-main-stick-meta":"","header-below-stick-meta":"","_joinchat":[],"jetpack_publicize_message":"","jetpack_is_tweetstorm":false,"jetpack_publicize_feature_enabled":true,"jetpack_social_post_already_shared":true,"jetpack_social_options":{"image_generator_settings":{"template":"highway","enabled":false}}},"product_cat":[19],"product_tag":[],"jetpack_publicize_connections":[],"uagb_featured_image_src":{"full":["https:\/\/margrescolombia.com\/wp-content\/uploads\/2023\/12\/Roja-30x30-completa-25-scaled-e1701723086873.jpg",1962,2291,false],"thumbnail":["https:\/\/margrescolombia.com\/wp-content\/uploads\/2023\/12\/Roja-30x30-completa-25-scaled-e1701723086873-150x150.jpg",150,150,true],"medium":["https:\/\/margrescolombia.com\/wp-content\/uploads\/2023\/12\/Roja-30x30-completa-25-scaled-e1701723086873-257x300.jpg",257,300,true],"medium_large":["https:\/\/margrescolombia.com\/wp-content\/uploads\/2023\/12\/Roja-30x30-completa-25-scaled-e1701723086873-768x897.jpg",768,897,true],"large":["https:\/\/margrescolombia.com\/wp-content\/uploads\/2023\/12\/Roja-30x30-completa-25-scaled-e1701723086873-877x1024.jpg",877,1024,true],"1536x1536":["https:\/\/margrescolombia.com\/wp-content\/uploads\/2023\/12\/Roja-30x30-completa-25-scaled-e1701723086873-1315x1536.jpg",1315,1536,true],"2048x2048":["https:\/\/margrescolombia.com\/wp-content\/uploads\/2023\/12\/Roja-30x30-completa-25-scaled-e1701723086873-1754x2048.jpg",1754,2048,true],"woocommerce_thumbnail":["https:\/\/margrescolombia.com\/wp-content\/uploads\/2023\/12\/Roja-30x30-completa-25-scaled-e1701723086873-300x300.jpg",300,300,true],"woocommerce_single":["https:\/\/margrescolombia.com\/wp-content\/uploads\/2023\/12\/Roja-30x30-completa-25-scaled-e1701723086873-600x701.jpg",600,701,true],"woocommerce_gallery_thumbnail":["https:\/\/margrescolombia.com\/wp-content\/uploads\/2023\/12\/Roja-30x30-completa-25-scaled-e1701723086873-100x100.jpg",100,100,true]},"uagb_author_info":{"display_name":"davidmartinezg2014","author_link":"https:\/\/margrescolombia.com\/index.php\/author\/"},"uagb_comment_info":1,"uagb_excerpt":"Pizarra Amarilla Medida: 5 x punta perdida Peso m2:\u00a022kg Estilo: Piedra Pizarra\u00a0\u00a0 Colores: Amarillos\u00a0oxidados Piedra Pizarra Plateada cantidad","_links":{"self":[{"href":"https:\/\/margrescolombia.com\/index.php\/wp-json\/wp\/v2\/product\/1078"}],"collection":[{"href":"https:\/\/margrescolombia.com\/index.php\/wp-json\/wp\/v2\/product"}],"about":[{"href":"https:\/\/margrescolombia.com\/index.php\/wp-json\/wp\/v2\/types\/product"}],"replies":[{"embeddable":true,"href":"https:\/\/margrescolombia.com\/index.php\/wp-json\/wp\/v2\/comments?post=1078"}],"wp:featuredmedia":[{"embeddable":true,"href":"https:\/\/margrescolombia.com\/index.php\/wp-json\/wp\/v2\/media\/1079"}],"wp:attachment":[{"href":"https:\/\/margrescolombia.com\/index.php\/wp-json\/wp\/v2\/media?parent=1078"}],"wp:term":[{"taxonomy":"product_cat","embeddable":true,"href":"https:\/\/margrescolombia.com\/index.php\/wp-json\/wp\/v2\/product_cat?post=1078"},{"taxonomy":"product_tag","embeddable":true,"href":"https:\/\/margrescolombia.com\/index.php\/wp-json\/wp\/v2\/product_tag?post=1078"}],"curies":[{"name":"wp","href":"https:\/\/api.w.org\/{rel}","templated":true}]}}